 - 5*g = -7, -15 = -5*b - 5*g. Let o(j) = 3*j**2 + 21*j + 48. Let i be o(-22). What is the units digit of (1/b)/(3 + (-3111)/i)?
3
Suppose 4*o + 5*t = 15, 0*o + 2*o - t + 3 = 0. Suppose o = 58*c - 5308 - 5364. What is the tens digit of c?
8
Suppose 4*b + 299*q - 103645 = 304*q, 4*q - 25885 = -b. What is the ten thousands digit of b?
2
Let c(t) = 9*t - 6. Let q be c(-2). Let m be (-6)/q + (-178)/8. Let n = 21 - m. What is the units digit of n?
3
Let f = 44 + -46. Let i be (480/100)/(f/(-10)). What is the tens digit of -2*16*i/(-32)?
2
Let o = 37862 + -8425. What is the hundreds digit of o?
4
Suppose -m = -42*p + 39*p - 132, 520 = 4*m - 4*p. Let o be (-351)/4 + (-2)/8. Let t = m + o. What is the units digit of t?
1
Let z(v) = -60 - 65 - 49*v + 240 - 85. What is the hundreds digit of z(-11)?
5
Let i be -2*1/6*-51. Suppose -10*w + 6*w + 348 = -5*y, 0 = 2*y + 3*w + 130. What is the hundreds digit of i/y + (-857)/(-4)?
2
Suppose 2*h + 0*h - u = -23, -3*h - 37 = -2*u. Let v(k) = 3*k**2 + 2*k - 65. What is the hundreds digit of v(h)?
1
What is the tens digit of (237213/45 + 12)/((9/10)/9)?
3
Let n(g) = 193*g**2 + 142*g - 1189. What is the ten thousands digit of n(8)?
1
Let b be (-2 - -1)/(3*5/15). What is the tens digit of 1*(b + -1) - -301?
9
What is the hundreds digit of (39532 - (-6)/6)*((-7)/(-1) + -6)?
5
Let v be (-57)/2 + -4 + 28/8. Let y = -23 - v. What is the units digit of 74/4 + (y/4 - 2)?
8
Suppose -3885*v = -3868*v - 144670. What is the hundreds digit of v?
5
Let i(c) = 213*c**2 + 3*c - 10. Let y = -666 + 669. What is the hundreds digit of i(y)?
9
Let f(j) = 42*j**2 + 67*j + 11. What is the tens digit of f(5)?
9
Let k = 173 - -115. Let y = k - 143. What is the tens digit of y?
4
Let w = 56 + -50. Suppose 0 = w*l - 12. Suppose -15 = -3*k, 0 = l*c + 4*k - 170 + 2. What is the units digit of c?
4
Let w(q) = -q**2 + 2*q + 13. Let l be w(4). Suppose k - 355 = l*h, 755 = 2*k - 3*h + 2*h. What is the tens digit of k?
8
Suppose -5*m - 4*i = 4, -2*m + 2 = 3*m - 2*i. Let c(b) = b**3 - b**2 - 3. Let x be c(m). Let k = 16 + x. What is the tens digit of k?
1
Let q = 2827 + -890. What is the thousands digit of q?
1
Let s(r) = -3*r + 6. Let b be s(-6). Let q = 29 - b. Suppose 59 + 576 = q*z. What is the units digit of z?
7
Suppose 0 = -12*p - 70 + 286. What is the tens digit of (-1 + 4 + 1)*693/p?
5
Suppose 35*k + 45*k - 48461 = 328579. What is the tens digit of k?
1
Let y(l) = -123*l**3 + 7*l**2 + 2*l - 45. What is the thousands digit of y(-4)?
7
Suppose s - 16 = -5*r, -3*r + 4 = -2*r + s. Suppose 2*v = 7*v + 2*u - 4004, r*v - u = 2398. What is the hundreds digit of v?
8
Suppose -5*f = -9*q + 7*q - 172196, -2*f - 4*q = -68864. What is the ten thousands digit of f?
3
Let r(u) = 76*u + 4. Let k be r(10). Suppose 0*b + t = -4*b + 620, 5*b + 4*t - k = 0. Suppose 0 = 6*n - b - 204. What is the units digit of n?
0
What is the tens digit of (-16)/24*9/(-12)*(-16 + 60902)?
4
Suppose -5*u + 114 - 24 = 0. Suppose 0 = -7*y - 10 - u. What is the units digit of 40 + (-1 - -5) + y?
0
Let n(j) = 60*j**2 + 86*j + 818. What is the units digit of n(-19)?
4
Suppose -o + 2991 = 3*b - 0*o, -2*o + 992 = b. What is the hundreds digit of b?
9
Suppose -1030 = 167*r - 162*r. Let g = 238 + r. What is the tens digit of g?
3
What is the tens digit of (-28)/(-2) - (-17 - 20766)?
9
Let a be 22 - 15 - (-1 + 5)*1. Suppose -a*u = h - 543, u + 2*u = -3*h + 549. What is the tens digit of u?
8
Suppose -3*p + m - 35 = -2*p, 3*p + 109 = -m. What is the units digit of (p + 17)*(1 - 14)?
7
Let l(b) = 123*b + 4412. What is the units digit of l(0)?
2
Suppose p = -3, 3*p = -2*f - p - 2. Suppose 16*g - f*g = 12727. What is the tens digit of g?
5
Let m(p) = 801*p. Let f be m(5). Suppose -5*s + f = 3*w, -2*s + 823 = -s + 5*w. What is the tens digit of s?
9
Let h = -14 - -62. Suppose 7*i - 9*i = h. Let k(u) = -u**3 - 24*u**2 - 2*u + 22. What is the units digit of k(i)?
0
Let f(i) = -18*i - 34*i + 27 - 135. What is the units digit of f(-23)?
8
Suppose 802*t - 128490 = 799*t + 2*z, -42844 = -t + 3*z. What is the tens digit of t?
2
Let z(i) = 174*i**2 + 186*i - 1355. What is the hundreds digit of z(7)?
4
Suppose 959790 = 6*w + 9*w. What is the hundreds digit of 3/5 - w/(-115)?
5
What is the ten thousands digit of (7 + 38125/(-15))*(1 - (-39)/(-3))?
3
Let q(x) = 8*x**2 - 174*x + 75. What is the units digit of q(43)?
5
Let h(t) = t**3 - 8*t**2 + 3*t - 1. Let o be h(8). Let z = o - 19. Suppose -26 = -3*p + 4*v, z*v = v - 15. What is the units digit of p?
2
Let i(z) = 5*z**2 + 35*z - 8. What is the thousands digit of i(-55)?
3
Let t = -4 + 9. Let a(k) = 65131*k + 0*k**3 - 10 + 5*k**2 - k**3 - 65128*k. What is the units digit of a(t)?
5
Suppose 35090 = 5*n + 5*c, -818 + 7832 = n - c. What is the hundreds digit of n?
0
Let h be 1407362/221 - 8/52. Suppose 10*i - h = 2112. What is the hundreds digit of i?
8
Let n = -601 - -679. Let y be 11 + 1 + (-8)/(-8). Let p = y + n. What is the tens digit of p?
9
Let g be 12 - -1 - 8/(-2). Suppose 4*i = 3 + g. What is the tens digit of (0 + 310)/i + 4?
6
Let f be (-28)/(-13) + -2 + 4345/65. Suppose 0 = 7*k + 4 - f. Let i(m) = m**2 - 5*m + 15. What is the tens digit of i(k)?
5
Suppose 5*z - 1093 - 1528 = 2*f, 3*z - 4*f - 1581 = 0. What is the hundreds digit of 36/20 + (-12)/15 + z?
5
Suppose 34*m + 4*m = -8*m - 920. Let f(c) = -23 + 13*c + c**2 + 15*c - 11*c. What is the tens digit of f(m)?
3
Suppose -b - 2*b = -3*m - 801, 0 = b - 5*m - 251. Suppose -u = 3*c + c - b, 2*u = -3*c + 547. What is the units digit of u?
5
Let f(l) = -l**2 + 3*l + 11. Let p be f(6). What is the hundreds digit of -545*p/11 + (-2)/(-11)?
3
Let y = -787 + 783. Let p(o) = -5*o**3 - 4 + 0*o - 5*o**2 - 4 - 2*o. What is the units digit of p(y)?
0
Let k(x) = -4*x**3 + 7*x**2 + 12*x - 4. Let b(a) = -3*a**3 + 6*a**2 + 12*a - 3. Let z(v) = -3*b(v) + 2*k(v). What is the hundreds digit of z(9)?
2
Let w = -90 + 157. Suppose -90*m - 8085 = -139*m. Let o = m + w. What is the units digit of o?
2
Let q(d) = d**3 - 10*d**2 - 10*d + 1. Let l be q(9). Let x(j) = -j**2 + 8*j - 20. Let g be x(9). What is the units digit of l/(-45) + -4 - g/9?
3
Let t = 1818 - 3440. Let s = 2453 + t. What is the tens digit of s?
3
Let h be -177 + 5*(-4)/(-10). Let t be (53/2)/(6/(-4) - -1). Let g = t - h. What is the units digit of g?
2
Let u(y) = 93*y**2 - 51*y + 238. What is the hundreds digit of u(5)?
3
What is the hundreds digit of 3*(-15)/((-360)/9848)?
2
Suppose 44 = 2*z - 12. Suppose 4*o + f - 16 = 0, o + 4*f = 2*f - 3. Suppose z = 3*m - o. What is the units digit of m?
1
Let l(s) = -3*s**2 + 16*s + 8. Let g(k) = -2*k + 4. Let b be g(-3). Let r be l(b). Let d = 292 + r. What is the units digit of d?
0
Let v = 17 + -2. Let s = -4394 + 4633. Suppose 14*c - v*c = -s. What is the units digit of c?
9
Suppose -3371 = -10*h + 17739. What is the hundreds digit of h?
1
What is the tens digit of (11367/(-2))/(27/(-54))?
6
Suppose 47440 = 4*o + 4*l, -14527 = -5*o + 5*l + 44823. Suppose -463*p - o = -470*p. What is the thousands digit of p?
1
Let v(k) = k**2 + 17*k. Let o(f) = 2*f**2 + 50*f - 1. Let i(x) = 4*o(x) - 11*v(x). Let m be i(4). Suppose -2*w - 3*w + 395 = m. What is the tens digit of w?
7
Let t(m) = 4*m**2 - 24*m + 8. Let b be t(11). Suppose -4*n + 168 + b = 0. Suppose 257 = 2*v - 5*x, -v + n + 37 = -5*x. What is the units digit of v?
1
Suppose -4*l - 18 = -3*c - 7*l, 2*l - 14 = -3*c. Suppose 4*s = c*s + 10, 3*h - 2*s - 590 = 0. What is the units digit of h?
0
Let y(r) = 6*r**2 + 10*r + 6. Let j be y(-4). Suppose j*s + 14784 = 83*s. What is the hundreds digit of s?
7
Let u(o) = o. Let l(v) = -37*v + 29. Let g(n) = l(n) - 2*u(n). What is the tens digit of g(-3)?
4
Let s(z) = -776*z + 9105. What is the tens digit of s(-44)?
4
Let t = 97855 + -48726. What is the hundreds digit of t?
1
Let c = -2818 - -4961. Suppose 2081 + c = 8*u. What is the tens digit of u?
2
Let x = -109 - -96. Let f = 13 + x. Suppose -3*m + 0*m + 705 = -5*y, f = -y + 3. What is the tens digit of m?
4
Suppose 0 = -2*r - 4, 3*i - 92 = -r + 2*r. Suppose -9*q + i = -3*q. Suppose 0 = -3*x - n + 5, -8*x + 3*x = 5*n - q. What is the units digit of x?
2
Suppose -3*h + 3 - 21 = 0. Suppose 3*g + b = -79, -3*g + 3*b + b - 89 = 0. What is the tens digit of (h - g) + 20/(